{"id":1183,"date":"2024-04-06T11:54:29","date_gmt":"2024-04-06T11:54:29","guid":{"rendered":"https:\/\/roterbund.de\/?page_id=1183"},"modified":"2024-04-17T21:15:28","modified_gmt":"2024-04-17T20:15:28","slug":"1-mai-2024-aufruf-und-plakat","status":"publish","type":"page","link":"https:\/\/roterbund.de\/index.php\/1-mai-2024-aufruf-und-plakat\/","title":{"rendered":"1. Mai 2024 Aufruf und Plakat"},"content":{"rendered":"<iframe class=\"embed-pdf-viewer\" src=\"https:\/\/roterbund.de\/wp-content\/uploads\/2024\/04\/Plakat-1M-.pdf\" height=\"612\" width=\"612\" title=\"Plakat-1M-\"><\/iframe>\n\n\n<p class=\"has-text-align-right\"><em>Proletarier aller L\u00e4nder, vereinigt euch!<\/em><\/p>\n\n\n\n<p class=\"has-text-align-center\"><strong>Heraus zum 1. Mai!<br>K\u00e4mpft und wehrt euch!<\/strong><\/p>\n\n\n\n<p>Der diesj\u00e4hrige Kampftag der Arbeiterklasse ist charakterisiert durch einen sich immer mehr versch\u00e4rfenden Kampf gegen den sterbenden Imperialismus. Vor allem bleibt das Volk Pal\u00e4stinas standhaft in seinem heldenhaften Kampf gegen den bestialischen V\u00f6lkermord, der vom israelischen Staat Woche auf Woche auf neue H\u00f6hen getrieben wird. Die Nationale Widerstandsfront Pal\u00e4stinas k\u00e4mpft weiter gegen die Besatzung und bekommt dabei immer mehr Solidarit\u00e4t und Unterst\u00fctzung der V\u00f6lker der Welt. Auch in der Ukraine leistet das Volk weiter Widerstand gegen die Aggression undk\u00e4mpft daf\u00fcr, die russischen Besatzer von seinem Staatsterritorium zu vertreiben. W\u00e4hrenddessen reist der oberste Landesverk\u00e4ufer Selenskyj durch die Welt und l\u00e4sst es sich in imperialistischen L\u00e4ndern \u2013 weit weg von der Front \u2013 gut gehen. Gleichzeitig l\u00e4sst der \u201eWeltpolizist\u201c und Hauptfeind der V\u00f6lker der Welt, der Yankee-Imperialismus, seine Bomberflotten die Erde umkreisen, um einige Zivilisten im Irak zu massakrieren. Er stationiert Schiffe im Roten Meer, um Jemen zu bombardieren, wobei auch andere Imperialisten, wie die deutschen und britischen, flei\u00dfig mitmischen.<\/p>\n\n\n\n<p>Krieg bestimmt das Tagesgeschehen auf der ganzen Welt. Die Studie eines nordamerikanischen Thinktanks best\u00e4tigt das in ihren Worten: <em>\u201eLokale und B\u00fcrgerkriege, wie der israelisch-pal\u00e4stinensische Konflikt, nehmen dramatisch an Anzahl, Intensit\u00e4t und L\u00e4nge auf der ganzen Welt zu. 2023 gab es die h\u00f6chste Anzahl gewaltt\u00e4tiger Konflikte seit dem 2. Weltkrieg, 2022 gab es mehr Tote auf Schlachtfeldern, als in irgendeinem anderen Jahr seit 1994. Diese Krisen haben sich seit 2005 in ihrer Dauer fast verdreifacht.\u201c<\/em> Dies versch\u00e4rft auch weiter die Aushungerung gro\u00dfer Teile der Weltbev\u00f6lkerung. W\u00e4hrend Hunger in Gaza direkt als Waffe benutzt wird, ist er in den meisten unterdr\u00fcckten Nationen zur Normalit\u00e4t geworden. Fast eine Milliarde Menschen, die unter Hunger leiden, sind ein Beweis daf\u00fcr, dass der Imperialismus die Menschheit nicht ern\u00e4hren kann. Mit der wachsenden Zahl an Hungernden, w\u00e4chst auch die Zahl derjenigen, die bereit sind, die Verursacher ihres Elends mit der Waffe in der Hand zu bek\u00e4mpfen. Diese Verursacher \u2013 die Imperialisten \u2013 h\u00e4ufen ihrerseits immer gr\u00f6\u00dfere Reicht\u00fcmer an, die sie aus den V\u00f6lkern der Welt pressen. Damit versch\u00e4rft sich auch der Hauptwiderspruch auf Weltebene:<strong> <\/strong>der zwischen unterdr\u00fcckten Nationen und Imperialismus. So schafft er sich auf der ganzen Welt jeden Tag seine eigenen Totengr\u00e4ber. Das ist die allgemeine Krise, aus der der Imperialismus keinen Ausweg hat. Dadurch nimmt die Anzahl und Heftigkeit der unterschiedlichen Krisen weiter zu.<\/p>\n\n\n\n<p>Auch in Deutschland offenbart sich die Krise des Imperialismus jeden Tag mehr. Die deutsche imperialistische Bourgeoisie bekommt ihre Wirtschaftskrise nicht in den Griff. Jede neue Wirtschaftsprognose zeigt derzeit nur in eine Richtung \u2013 nach unten. Jeder Versuch, Optimismus f\u00fcr das bestehende System zu verbreiten, wird nach einigen Wochen wieder bestraft, indem die alte Prognose verworfen und durch eine neue, niedrigere Sch\u00e4tzung ersetzt wird. Die Wahrheit ist offensichtlich, die Wirtschaft des deutschen Imperialismus befindet sich in einer Depression. In diesem Panorama versch\u00e4rft sich auch der Hauptwiderspruch in diesem Land: der zwischen Proletariat und Bourgeoisie. Die steigende Kampfbereitschaft der Arbeiter zeigt sich in ihren \u00f6konomischen K\u00e4mpfen, den immer wiederkehrenden Streiks, die an L\u00e4nge und Intensit\u00e4t in einem Ma\u00dfe zunehmen, wie es seit vielen Jahren nicht mehr war. Das haben unter anderem die K\u00e4mpfe der Lokf\u00fchrer und des Flughafenpersonals deutlich gezeigt. Aber auch in anderen Bereichen nehmen die K\u00e4mpfe zu.<\/p>\n\n\n\n<p>Die Antwort, der deutschen Bourgeoisie ist vor allem die \u201eharte Hand\u201c. So wird schon eine weitere Einschr\u00e4nkung des Streikrechts diskutiert. Auch andere demokratische Rechte werden immer weiter eingeschr\u00e4nkt. So wie es seit Oktober letzten Jahres mit der Versammlungsfreiheit passiert ist, die auf einmal f\u00fcr alle, die sich mit dem Kampf des Volkes Pal\u00e4stinas solidarisch zeigen wollten, faktisch au\u00dfer Kraft gesetzt wurde. Demonstrationsverbote durch die Polizei wurden zur Regel statt zur Ausnahme. Alle muslimischen Menschen in Deutschland wurden unter \u201eTerrorverdacht\u201c gestellt. Weitere repressive Ma\u00dfnahmen werden normalisiert: Es finden inzwischen fast jede Woche politische Hausdurchsuchungen statt, es werden Hexenjagden mit gro\u00dfen Fahndungsbildern an Bahnh\u00f6fen veranstaltet, bei denen der deutsche Staat mit seiner Polizei in alle Richtungen schl\u00e4gt. Es werden sogar wieder Berufsverbote f\u00fcr bestimmte politische Gesinnungen ins Gespr\u00e4ch gebracht, die Meinungsfreiheit wird faktisch mehr und mehr abgeschafft. Jetzt wird f\u00fcr Fl\u00fcchtlinge mit der sogenannten \u201eBezahlkarte\u201c sogar eines der meist grundlegenden \u201eRechte\u201c des kapitalistischen Systems au\u00dfer Kraft gesetzt: bestimmte Waren nach eigener Entscheidung zu erwerben. Der b\u00fcrgerliche Staat wird weiter reaktionarisiert, demokratische Rechte werden angegriffen, dies ist ein Ausdruck der Krise der Demokratie.<\/p>\n\n\n\n<p>Der Kampf in Pal\u00e4stina, die Angriffe auf die imperialistischen Pl\u00fcnderungsrouten im Roten Meer und das st\u00e4ndige Aufflammen des antiimperialistischen Kampfes in den unterdr\u00fcckten Nationen insgesamt zeigen, wie verletzlich der Imperialismus ist. Es zeigt sich aber auch, wie er als die sterbende Bestie, die er ist, mit immer mehr v\u00f6lkerm\u00f6rderischer Gewalt, offener und verdeckter Intervention und Subversion antwortet. All das macht eine St\u00e4rkung der antiimperialistischen Bewegung notwendig, verbunden mit einer konkreten organisatorischen Grundlage, die es erlaubt, dass sich die Kommunisten, Revolution\u00e4re, Antiimperialisten und alle fortschrittlichen Menschen aller L\u00e4nder weiter gegen den gemeinsamen Feind vereinen k\u00f6nnen. So k\u00f6nnen durch die vereinte Aktion dem Imperialismus empfindliche Schl\u00e4ge zugef\u00fcgt und der Preis f\u00fcr jede seiner Umtriebe in die H\u00f6he getrieben werden.<\/p>\n\n\n\n<p>In diesem Punkt gehen die Kommunisten der Welt \u2013 vereint unter dem Maoismus \u2013 voran und geben das Beispiel. Die Volkskriege auf der Welt in Peru, Indien, T\u00fcrkei und auf den Philippinen zeigen den V\u00f6lkern der Welt den Weg, dem es zu folgen gilt. Der Internationale Kommunistische Bund (IKB), der vor inzwischen fast eineinhalb Jahren gegr\u00fcndet wurde, organisiert eine \u00f6ffentliche Veranstaltung und Kampagne nach der anderen. Damit zeigt er den notwendigen Weg f\u00fcr die Kommunisten aller L\u00e4nder. Er zeigt, dass der Kampf gegen den Imperialismus, die Reaktion und den Revisionismus \u00fcberall auf der Welt nur durch die Kommunistische Partei siegreich gef\u00fchrt werden kann.<\/p>\n\n\n\n<p>Entsprechend ergibt sich in der gegenw\u00e4rtigen Situation in Deutschland eine noch h\u00f6here Notwendigkeit, sich zu organisieren. Die Massen sind in Bewegung und der Kampf tobt auf der ganzen Welt. Die Kampfbereitschaft ist da, was es braucht, ist die richtige F\u00fchrung, um Schlag auf Schlag den Kampf gegen den Imperialismus zu f\u00fchren. Diese F\u00fchrung kann in diesem Land nur die Kommunistischen Partei Deutschlands sein. Darum ist der diesj\u00e4hrige 1. Mai eine Inspiration, den Kampf f\u00fcr ihre Rekonstitution noch entschlossener weiterzuf\u00fchren.<\/p>\n\n\n\n<p><strong>K\u00e4mpft und wehrt euch!<br>Vorw\u00e4rts im Aufbau der antiimperialistischen Front!<br>Hinein in den Roten Bund!<\/strong><\/p>\n\n\n\n<p class=\"has-text-align-right\">Roter Bund<br>April 2024<\/p>\n\n\n\n<div data-wp-interactive=\"core\/file\" class=\"wp-block-file\"><object data-wp-bind--hidden=\"!state.hasPdfPreview\" hidden class=\"wp-block-file__embed\" data=\"https:\/\/roterbund.de\/wp-content\/uploads\/2024\/04\/1M-FB.pdf\" type=\"application\/pdf\" style=\"width:100%;height:600px\" aria-label=\"Einbettung von 1. Mai 2024 Flugblatt.\"><\/object><a id=\"wp-block-file--media-afd28375-1a8a-407a-aa80-161fad0c174a\" href=\"https:\/\/roterbund.de\/wp-content\/uploads\/2024\/04\/1M-FB.pdf\">1. Mai 2024 Flugblatt<\/a><a href=\"https:\/\/roterbund.de\/wp-content\/uploads\/2024\/04\/1M-FB.pdf\" class=\"wp-block-file__button wp-element-button\" download aria-describedby=\"wp-block-file--media-afd28375-1a8a-407a-aa80-161fad0c174a\">Herunterladen<\/a><\/div>\n","protected":false},"excerpt":{"rendered":"<p>Proletarier aller L\u00e4nder, vereinigt euch! Heraus zum 1. Mai!K\u00e4mpft und wehrt euch! Der diesj\u00e4hrige Kampftag der Arbeiterklasse ist charakterisiert durch einen sich immer mehr versch\u00e4rfenden Kampf gegen den sterbenden Imperialismus. [&hellip;]<\/p>\n","protected":false},"author":1,"featured_media":0,"parent":0,"menu_order":0,"comment_status":"closed","ping_status":"closed","template":"","meta":{"_monsterinsights_skip_tracking":false,"_monsterinsights_sitenote_active":false,"_monsterinsights_sitenote_note":"","_monsterinsights_sitenote_category":0,"site-sidebar-layout":"default","site-content-layout":"","ast-site-content-layout":"default","site-content-style":"default","site-sidebar-style":"default","ast-global-header-display":"","ast-banner-title-visibility":"","ast-main-header-display":"","ast-hfb-above-header-display":"","ast-hfb-below-header-display":"","ast-hfb-mobile-header-display":"","site-post-title":"","ast-breadcrumbs-content":"","ast-featured-img":"","footer-sml-layout":"","theme-transparent-header-meta":"","adv-header-id-meta":"","stick-header-meta":"","header-above-stick-meta":"","header-main-stick-meta":"","header-below-stick-meta":"","astra-migrate-meta-layouts":"set","ast-page-background-enabled":"default","ast-page-background-meta":{"desktop":{"background-color":"","background-image":"","background-repeat":"repeat","background-position":"center center","background-size":"auto","background-attachment":"scroll","background-type":"","background-media":"","overlay-type":"","overlay-color":"","overlay-gradient":""},"tablet":{"background-color":"","background-image":"","background-repeat":"repeat","background-position":"center center","background-size":"auto","background-attachment":"scroll","background-type":"","background-media":"","overlay-type":"","overlay-color":"","overlay-gradient":""},"mobile":{"background-color":"","background-image":"","background-repeat":"repeat","background-position":"center center","background-size":"auto","background-attachment":"scroll","background-type":"","background-media":"","overlay-type":"","overlay-color":"","overlay-gradient":""}},"ast-content-background-meta":{"desktop":{"background-color":"var(--ast-global-color-5)","background-image":"","background-repeat":"repeat","background-position":"center center","background-size":"auto","background-attachment":"scroll","background-type":"","background-media":"","overlay-type":"","overlay-color":"","overlay-gradient":""},"tablet":{"background-color":"var(--ast-global-color-5)","background-image":"","background-repeat":"repeat","background-position":"center center","background-size":"auto","background-attachment":"scroll","background-type":"","background-media":"","overlay-type":"","overlay-color":"","overlay-gradient":""},"mobile":{"background-color":"var(--ast-global-color-5)","background-image":"","background-repeat":"repeat","background-position":"center center","background-size":"auto","background-attachment":"scroll","background-type":"","background-media":"","overlay-type":"","overlay-color":"","overlay-gradient":""}},"footnotes":""},"class_list":["post-1183","page","type-page","status-publish","hentry"],"yoast_head":"<!-- This site is optimized with the Yoast SEO plugin v23.0 - https:\/\/yoast.com\/wordpress\/plugins\/seo\/ -->\n<title>1. Mai 2024 Aufruf und Plakat - Roter Bund<\/title>\n<meta name=\"description\" content=\"Der diesj\u00e4hrige Kampftag der Arbeiterklasse ist charakterisiert durch einen sich immer mehr versch\u00e4rfenden Kampf gegen den sterbenden Imperialismus. Vor allem bleibt das Volk Pal\u00e4stinas standhaft in seinem heldenhaften Kampf gegen den bestialischen V\u00f6lkermord, der vom israelischen Staat Woche auf Woche auf neue H\u00f6hen getrieben wird. Die Nationale Widerstandsfront Pal\u00e4stinas k\u00e4mpft weiter gegen die Besatzung und bekommt dabei immer mehr Solidarit\u00e4t und Unterst\u00fctzung der V\u00f6lker der Welt.\" \/>\n<meta name=\"robots\" content=\"index, follow, max-snippet:-1, max-image-preview:large, max-video-preview:-1\" \/>\n<link rel=\"canonical\" href=\"https:\/\/roterbund.de\/index.php\/1-mai-2024-aufruf-und-plakat\/\" \/>\n<meta property=\"og:locale\" content=\"de_DE\" \/>\n<meta property=\"og:type\" content=\"article\" \/>\n<meta property=\"og:title\" content=\"1. Mai 2024 Aufruf und Plakat - Roter Bund\" \/>\n<meta property=\"og:description\" content=\"Der diesj\u00e4hrige Kampftag der Arbeiterklasse ist charakterisiert durch einen sich immer mehr versch\u00e4rfenden Kampf gegen den sterbenden Imperialismus. Vor allem bleibt das Volk Pal\u00e4stinas standhaft in seinem heldenhaften Kampf gegen den bestialischen V\u00f6lkermord, der vom israelischen Staat Woche auf Woche auf neue H\u00f6hen getrieben wird. Die Nationale Widerstandsfront Pal\u00e4stinas k\u00e4mpft weiter gegen die Besatzung und bekommt dabei immer mehr Solidarit\u00e4t und Unterst\u00fctzung der V\u00f6lker der Welt.\" \/>\n<meta property=\"og:url\" content=\"https:\/\/roterbund.de\/index.php\/1-mai-2024-aufruf-und-plakat\/\" \/>\n<meta property=\"og:site_name\" content=\"Roter Bund\" \/>\n<meta property=\"article:modified_time\" content=\"2024-04-17T20:15:28+00:00\" \/>\n<meta name=\"twitter:card\" content=\"summary_large_image\" \/>\n<meta name=\"twitter:label1\" content=\"Gesch\u00e4tzte Lesezeit\" \/>\n\t<meta name=\"twitter:data1\" content=\"6\u00a0Minuten\" \/>\n<script type=\"application\/ld+json\" class=\"yoast-schema-graph\">{\"@context\":\"https:\/\/schema.org\",\"@graph\":[{\"@type\":\"WebPage\",\"@id\":\"https:\/\/roterbund.de\/index.php\/1-mai-2024-aufruf-und-plakat\/\",\"url\":\"https:\/\/roterbund.de\/index.php\/1-mai-2024-aufruf-und-plakat\/\",\"name\":\"1. Mai 2024 Aufruf und Plakat - Roter Bund\",\"isPartOf\":{\"@id\":\"http:\/\/roterbund.de\/#website\"},\"datePublished\":\"2024-04-06T11:54:29+00:00\",\"dateModified\":\"2024-04-17T20:15:28+00:00\",\"description\":\"Der diesj\u00e4hrige Kampftag der Arbeiterklasse ist charakterisiert durch einen sich immer mehr versch\u00e4rfenden Kampf gegen den sterbenden Imperialismus. Vor allem bleibt das Volk Pal\u00e4stinas standhaft in seinem heldenhaften Kampf gegen den bestialischen V\u00f6lkermord, der vom israelischen Staat Woche auf Woche auf neue H\u00f6hen getrieben wird. Die Nationale Widerstandsfront Pal\u00e4stinas k\u00e4mpft weiter gegen die Besatzung und bekommt dabei immer mehr Solidarit\u00e4t und Unterst\u00fctzung der V\u00f6lker der Welt.\",\"breadcrumb\":{\"@id\":\"https:\/\/roterbund.de\/index.php\/1-mai-2024-aufruf-und-plakat\/#breadcrumb\"},\"inLanguage\":\"de\",\"potentialAction\":[{\"@type\":\"ReadAction\",\"target\":[\"https:\/\/roterbund.de\/index.php\/1-mai-2024-aufruf-und-plakat\/\"]}]},{\"@type\":\"BreadcrumbList\",\"@id\":\"https:\/\/roterbund.de\/index.php\/1-mai-2024-aufruf-und-plakat\/#breadcrumb\",\"itemListElement\":[{\"@type\":\"ListItem\",\"position\":1,\"name\":\"Startseite\",\"item\":\"https:\/\/roterbund.de\/\"},{\"@type\":\"ListItem\",\"position\":2,\"name\":\"1. Mai 2024 Aufruf und Plakat\"}]},{\"@type\":\"WebSite\",\"@id\":\"http:\/\/roterbund.de\/#website\",\"url\":\"http:\/\/roterbund.de\/\",\"name\":\"Roter Bund\",\"description\":\"Webseite des Roten Bundes\",\"potentialAction\":[{\"@type\":\"SearchAction\",\"target\":{\"@type\":\"EntryPoint\",\"urlTemplate\":\"http:\/\/roterbund.de\/?s={search_term_string}\"},\"query-input\":\"required name=search_term_string\"}],\"inLanguage\":\"de\"}]}<\/script>\n<!-- \/ Yoast SEO plugin. -->","yoast_head_json":{"title":"1. Mai 2024 Aufruf und Plakat - Roter Bund","description":"Der diesj\u00e4hrige Kampftag der Arbeiterklasse ist charakterisiert durch einen sich immer mehr versch\u00e4rfenden Kampf gegen den sterbenden Imperialismus. Vor allem bleibt das Volk Pal\u00e4stinas standhaft in seinem heldenhaften Kampf gegen den bestialischen V\u00f6lkermord, der vom israelischen Staat Woche auf Woche auf neue H\u00f6hen getrieben wird. Die Nationale Widerstandsfront Pal\u00e4stinas k\u00e4mpft weiter gegen die Besatzung und bekommt dabei immer mehr Solidarit\u00e4t und Unterst\u00fctzung der V\u00f6lker der Welt.","robots":{"index":"index","follow":"follow","max-snippet":"max-snippet:-1","max-image-preview":"max-image-preview:large","max-video-preview":"max-video-preview:-1"},"canonical":"https:\/\/roterbund.de\/index.php\/1-mai-2024-aufruf-und-plakat\/","og_locale":"de_DE","og_type":"article","og_title":"1. Mai 2024 Aufruf und Plakat - Roter Bund","og_description":"Der diesj\u00e4hrige Kampftag der Arbeiterklasse ist charakterisiert durch einen sich immer mehr versch\u00e4rfenden Kampf gegen den sterbenden Imperialismus. Vor allem bleibt das Volk Pal\u00e4stinas standhaft in seinem heldenhaften Kampf gegen den bestialischen V\u00f6lkermord, der vom israelischen Staat Woche auf Woche auf neue H\u00f6hen getrieben wird. Die Nationale Widerstandsfront Pal\u00e4stinas k\u00e4mpft weiter gegen die Besatzung und bekommt dabei immer mehr Solidarit\u00e4t und Unterst\u00fctzung der V\u00f6lker der Welt.","og_url":"https:\/\/roterbund.de\/index.php\/1-mai-2024-aufruf-und-plakat\/","og_site_name":"Roter Bund","article_modified_time":"2024-04-17T20:15:28+00:00","twitter_card":"summary_large_image","twitter_misc":{"Gesch\u00e4tzte Lesezeit":"6\u00a0Minuten"},"schema":{"@context":"https:\/\/schema.org","@graph":[{"@type":"WebPage","@id":"https:\/\/roterbund.de\/index.php\/1-mai-2024-aufruf-und-plakat\/","url":"https:\/\/roterbund.de\/index.php\/1-mai-2024-aufruf-und-plakat\/","name":"1. Mai 2024 Aufruf und Plakat - Roter Bund","isPartOf":{"@id":"http:\/\/roterbund.de\/#website"},"datePublished":"2024-04-06T11:54:29+00:00","dateModified":"2024-04-17T20:15:28+00:00","description":"Der diesj\u00e4hrige Kampftag der Arbeiterklasse ist charakterisiert durch einen sich immer mehr versch\u00e4rfenden Kampf gegen den sterbenden Imperialismus. Vor allem bleibt das Volk Pal\u00e4stinas standhaft in seinem heldenhaften Kampf gegen den bestialischen V\u00f6lkermord, der vom israelischen Staat Woche auf Woche auf neue H\u00f6hen getrieben wird. Die Nationale Widerstandsfront Pal\u00e4stinas k\u00e4mpft weiter gegen die Besatzung und bekommt dabei immer mehr Solidarit\u00e4t und Unterst\u00fctzung der V\u00f6lker der Welt.","breadcrumb":{"@id":"https:\/\/roterbund.de\/index.php\/1-mai-2024-aufruf-und-plakat\/#breadcrumb"},"inLanguage":"de","potentialAction":[{"@type":"ReadAction","target":["https:\/\/roterbund.de\/index.php\/1-mai-2024-aufruf-und-plakat\/"]}]},{"@type":"BreadcrumbList","@id":"https:\/\/roterbund.de\/index.php\/1-mai-2024-aufruf-und-plakat\/#breadcrumb","itemListElement":[{"@type":"ListItem","position":1,"name":"Startseite","item":"https:\/\/roterbund.de\/"},{"@type":"ListItem","position":2,"name":"1. Mai 2024 Aufruf und Plakat"}]},{"@type":"WebSite","@id":"http:\/\/roterbund.de\/#website","url":"http:\/\/roterbund.de\/","name":"Roter Bund","description":"Webseite des Roten Bundes","potentialAction":[{"@type":"SearchAction","target":{"@type":"EntryPoint","urlTemplate":"http:\/\/roterbund.de\/?s={search_term_string}"},"query-input":"required name=search_term_string"}],"inLanguage":"de"}]}},"_links":{"self":[{"href":"https:\/\/roterbund.de\/index.php\/wp-json\/wp\/v2\/pages\/1183","targetHints":{"allow":["GET"]}}],"collection":[{"href":"https:\/\/roterbund.de\/index.php\/wp-json\/wp\/v2\/pages"}],"about":[{"href":"https:\/\/roterbund.de\/index.php\/wp-json\/wp\/v2\/types\/page"}],"author":[{"embeddable":true,"href":"https:\/\/roterbund.de\/index.php\/wp-json\/wp\/v2\/users\/1"}],"replies":[{"embeddable":true,"href":"https:\/\/roterbund.de\/index.php\/wp-json\/wp\/v2\/comments?post=1183"}],"version-history":[{"count":6,"href":"https:\/\/roterbund.de\/index.php\/wp-json\/wp\/v2\/pages\/1183\/revisions"}],"predecessor-version":[{"id":1244,"href":"https:\/\/roterbund.de\/index.php\/wp-json\/wp\/v2\/pages\/1183\/revisions\/1244"}],"wp:attachment":[{"href":"https:\/\/roterbund.de\/index.php\/wp-json\/wp\/v2\/media?parent=1183"}],"curies":[{"name":"wp","href":"https:\/\/api.w.org\/{rel}","templated":true}]}}